ime number?
True
Is 22578463 composite?
False
Is 5806613 a prime number?
True
Is 1826593 a prime number?
False
Is 18677759 composite?
True
Is 35833843 a prime number?
True
Is 386235887 prime?
True
Is 1483094 prime?
False
Is 26857133 a composite number?
False
Is 1201022371 a composite number?
False
Is 36896567 a composite number?
False
Is 32343879 a composite number?
True
Is 81220511 a composite number?
True
Is 107880719 a prime number?
True
Is 624443 a prime number?
True
Is 1807387 a prime number?
True
Is 1917809 composite?
True
Is 5081047 composite?
False
Is 6887663 prime?
True
Is 31293631 composite?
True
Is 73210903 a prime number?
True
Is 574081 a prime number?
True
Is 17615797 a prime number?
True
Is 118655701 composite?
False
Is 345862243 composite?
False
Is 124823753 a composite number?
False
Is 133970899 a prime number?
False
Is 2618585 a composite number?
True
Is 22509919 a composite number?
False
Is 392699 a prime number?
True
Is 188975431 composite?
False
Is 24052159 prime?
False
Is 346147647 a composite number?
True
Is 2557199 prime?
True
Is 5207243 prime?
True
Is 113324503 composite?
False
Is 2137813 a composite number?
False
Is 37436887 prime?
False
Is 12961697 composite?
True
Is 654145781 prime?
True
Is 64688441 a composite number?
False
Is 21207421 composite?
False
Is 43695803 a composite number?
False
Is 366860635 a prime number?
False
Is 59447951 prime?
True
Is 3396203 a prime number?
False
Is 35095405 a composite number?
True
Is 59827321 a prime number?
True
Is 3651709 a composite number?
True
Is 7982053 prime?
True
Is 301573 composite?
True
Is 1075391 a prime number?
True
Is 1115801 a prime number?
False
Is 274051891 composite?
False
Is 5865007 a prime number?
False
Is 15636935 a composite number?
True
Is 18068803 a prime number?
True
Is 50539 a prime number?
True
Is 47905177 composite?
True
Is 391919147 prime?
True
Is 182138147 composite?
False
Is 183151 composite?
False
Is 111654638 a prime number?
False
Is 62340541 a prime number?
False
Is 131264831 a prime number?
True
Is 3749737 composite?
True
Is 1327603 a prime number?
True
Is 1897349 a prime number?
False
Is 15020009 a composite number?
False
Is 850121 a composite number?
False
Is 56751001 prime?
False
Is 451121 a prime number?
False
Is 125601563 prime?
True
Is 5941799 composite?
True
Is 3177193 a composite number?
False
Is 18809507 a composite number?
True
Is 21209101 a composite number?
True
Is 25516721 prime?
True
Is 23701517 a prime number?
False
Is 120868207 composite?
True
Is 37880373 composite?
True
Is 6471695 a prime number?
False
Is 2558677 composite?
True
Is 109526603 composite?
False
Is 766891 prime?
True
Is 27784803 a composite number?
True
Is 210607 prime?
False
Is 8845897 a composite number?
False
Is 9981962 a composite number?
True
Is 53295313 a prime number?
True
Is 61688159 composite?
True
Is 413632097 a prime number?
True
Is 331022 prime?
False
Is 2699651 prime?
False
Is 212722319 composite?
True
Is 2380367 prime?
False
Is 50713021 prime?
False
Is 70263331 a prime number?
True
Is 1041449 a prime number?
True
Is 3066901 a prime number?
True
Is 14292673 prime?
True
Is 1220063 prime?
False
Is 3637541 composite?
True
Is 1425991 a prime number?
False
Is 2352633 composite?
True
Is 578957483 prime?
False
Is 33983407 a composite number?
True
Is 1991413 a prime number?
True
Is 91766437 a composite number?
True
Is 940469 a prime number?
True
Is 20533438 a composite number?
True
Is 25816517 prime?
True
Is 135127381 a composite number?
False
Is 2323001 a composite number?
False
Is 414404159 prime?
False
Is 5232869 a composite number?
False
Is 10949 a composite number?
False
Is 722363 composite?
False
Is 384649067 prime?
False
Is 1378373 a composite number?
False
Is 432889 composite?
True
Is 57263257 composite?
False
Is 23981939 a composite number?
True
Is 149383427 a composite number?
False
Is 1378729 a composite number?
True
Is 129714931 a prime number?
False
Is 139238639 prime?
False
Is 50171 prime?
False
Is 4019707 a prime number?
True
Is 38256667 composite?
True
Is 47448523 a prime number?
True
Is 439661 prime?
True
Is 1006520251 a prime number?
False
Is 14805685 a composite number?
True
Is 118704931 a prime number?
False
Is 35087903 composite?
True
Is 943273 a prime number?
True
Is 4634095 composite?
True
Is 29994295 prime?
False
Is 255539391 a prime number?
False
Is 7202051 a prime number?
True
Is 1832543 a prime number?
True
Is 45366283 composite?
False
Is 51229357 a prime number?
True
Is 313245721 a prime number?
True
Is 7930757 prime?
True
Is 4510789 a composite number?
False
Is 119441027 composite?
False
Is 3029711 a prime number?
True
Is 825733 composite?
False
Is 44132279 composite?
False
Is 3481927 a composite number?
False
Is 76508833 composite?
True
Is 16960211 prime?
True
Is 194740477 a composite number?
False
Is 3770323 composite?
False
Is 1320619 a composite number?
True
Is 423640421 a prime number?
True
Is 10416641 prime?
False
Is 2819249 a composite number?
True
Is 261347 a composite number?
False
Is 29940841 a composite number?
True
Is 9494479 a prime number?
False
Is 1156139 prime?
False
Is 100156961 a composite number?
True
Is 43020577 a composite number?
True
Is 4423151 a composite number?
True
Is 175522337 prime?
True
Is 10868317 composite?
False
Is 5601191 a composite number?
False
Is 6925639 prime?
False
Is 31145221 a composite number?
False
Is 89467 prime?
False
Is 275384726 a prime number?
False
Is 56763019 composite?
False
Is 12280523 composite?
False
Is 10499317 a prime number?
True
Is 14826607 a composite number?
True
Is 270750133 composite?
True
Is 16250549 a prime number?
False
Is 17187133 a prime number?
False
Is 8217985 prime?
False
Is 243057967 a composite number?
True
Is 81638885 a prime number?
False
Is 890221 prime?
True
Is 270727 a composite number?
True
Is 10777309 a composite number?
False
Is 500285 a composite number?
True
Is 7328807 composite?
False
Is 55622337 prime?
False
Is 167574793 composite?
True
Is 24195001 a composite number?
True
Is 40840273 a prime number?
False
Is 70819661 prime?
False
Is 13536595 a composite number?
True
Is 5804389 a composite number?
True
Is 101774989 prime?
False
Is 281121097 prime?
True
Is 120267733 prime?
True
Is 4734238 prime?
False
Is 3857941 prime?
True
Is 152262478 a prime number?
False
Is 4311313 a composite number?
True
Is 48224557 a composite number?
False
Is 11560587 composite?
True
Is 5001259 prime?
False
Is 354792391 a prime number?
True
Is 1787189 composite?
False
Is 2909905 composite?
True
Is 17127179 a prime number?
True
Is 47030899 composite?
False
Is 57103433 composite?
False
Is 1406123 prime?
False
Is 27647921 prime?
False
Is 12200057 composite?
True
Is 16474949 a prime number?
False
Is 11921933 a prime number?
True
Is 1674703 prime?
True
Is 16951117 composite?
True
Is 82105337 prime?
False
Is 131120053 a composite number?
False
Is 14773273 a composite number?
True
Is 850553999 a composite number?
True
Is 27707279 prime?
True
Is 101695117 a prime number?
True
Is 15417151 prime?
False
Is 54922453 prime?
True
Is 209905 a composite number?
True
Is 1915057 prime?
True
Is 359063267 prime?
True
Is 533233 a prime number?
False
Is 105946591 a composite number?
True
Is 4002499 composite?
False
Is 5381513 a prime number?
False
Is 349886 a composite number?
True
Is 3025345 a prime number?
False
Is 63986291 a prime number?
True
Is 68219161 prime?
True
Is 46827593 a composite number?
False
Is 1932247 composite?
False
Is 536918 a composite number?
True
Is 32963167 a prime number?
True
Is 122703799 prime?
True
Is 54904793 a prime number?
True
Is 130164737 prime?
True
Is 8320967 a prime number?
False
Is 199333 prime?
False
Is 320077 prime?
False
Is 68957297 composite?
False
Is 466717 a prime number?
True
Is 6598589 prime?
True
Is 63871513 a prime number?
True
Is 38281457 composite?
False
Is 15088357 composite?
False
Is 228119117 a composite number?
False
Is 8567969 prime?
True
Is 13201439 prime?
True
Is 3797527 a composite number?
False
Is 57726919 composite?
True
Is 18967001 a composite number?
True
Is 698351 a composite number?
True
Is 92747602 a composite number?
True
Is 3706022 prime?
False
Is 101100113 composite?
False
Is 282860839 prime?
True
Is 8440487 composite?
True
Is 5